?
-a476690
In base 15, what is 18de8 - -a?
18e03
In base 3, what is 101022020221 - -102?
101022021100
In base 10, what is 2788 + -1140?
1648
In base 2, what is 101 - 10100000010011000100001?
-10100000010011000011100
In base 7, what is -1065325 + 210?
-1065115
In base 2, what is 0 - -1011000110101010011110101?
1011000110101010011110101
In base 13, what is 23839 - 44?
237c5
In base 2, what is 1000010111 - 1100010111101000011?
-1100010110100101100
In base 12, what is 433a47a9 - -3?
433a47b0
In base 5, what is 1 + 430134342?
430134343
In base 9, what is -1581311 + 27?
-1581273
In base 4, what is 1301133303303 + 0?
1301133303303
In base 3, what is -2 + -12211121020220?
-12211121020222
In base 13, what is -1bc - -4767?
4578
In base 7, what is 12 + 156136263?
156136305
In base 4, what is -2 - 101303311303?
-101303311311
In base 7, what is -2023201 - -234?
-2022634
In base 13, what is 8094b7 - -11?
8094c8
In base 3, what is -210111 + 111111?
-22000
In base 5, what is 20 + 211230031?
211230101
In base 4, what is 23331312200 - -11?
23331312211
In base 4, what is -313030131 - 10030?
-313100221
In base 8, what is -4740360 - -5?
-4740353
In base 4, what is 10113010100131 + 0?
10113010100131
In base 9, what is -2540 + 41084?
37444
In base 10, what is 92 + -187856?
-187764
In base 10, what is 3 + -5919849?
-5919846
In base 8, what is -1224 + -203525?
-204751
In base 11, what is -98109 + -13?
-98121
In base 8, what is -103323 + 1077?
-102224
In base 9, what is 34214 + 6411?
41625
In base 6, what is 1430551353 + -3?
1430551350
In base 2, what is -1100110101101000100010 - -10010?
-1100110101101000010000
In base 9, what is -37544 - 404?
-38048
In base 11, what is -596 - 29a368?
-29a953
In base 2, what is -1010111111101 + -1100111001111?
-10111111001100
In base 8, what is 136000 - -2774?
140774
In base 2, what is 1011100011 - 101000101000?
-11101000101
In base 8, what is -220230115 + -3?
-220230120
In base 8, what is -27111 + -5432?
-34543
In base 10, what is -70730 - -1124?
-69606
In base 16, what is -14b5 - -11373?
febe
In base 10, what is -5746 - 217745?
-223491
In base 11, what is 4965a861 - 7?
4965a855
In base 14, what is 1535275 - -9?
1535280
In base 7, what is 13 + 15303612?
15303625
In base 8, what is 1 - 3325303370?
-3325303367
In base 2, what is 10111001 - -10100001011111001100111?
10100001011111100100000
In base 9, what is 187834 + 656?
188601
In base 5, what is -1034 - -42321421?
42320332
In base 10, what is 1686 - -292?
1978
In base 8, what is -3 - -541672736?
541672733
In base 7, what is -3416551 - -405?
-3416143
In base 15, what is -38e71 - -45e?
-38a12
In base 6, what is -3 + -1302531053?
-1302531100
In base 10, what is -1078 - -576705?
575627
In base 8, what is -1126566 - 451?
-1127237
In base 12, what is -27 - -443a5a?
443a33
In base 12, what is 1 - 1a30504?
-1a30503
In base 12, what is 509aa84 - -6?
509aa8a
In base 5, what is -242220330 + 2?
-242220323
In base 14, what is -200 + 688?
488
In base 3, what is 2112 - 1210222022?
-1210212210
In base 8, what is -736132 + -1364?
-737516
In base 7, what is -535 + 416614?
416046
In base 9, what is -1003 - -221406?
220403
In base 8, what is -26 + 5316011?
5315763
In base 5, what is 2 + -11330343133?
-11330343131
In base 12, what is 70 - 45832?
-45782
In base 2, what is -11 - 110010110101101101101011?
-110010110101101101101110
In base 6, what is 41001 + 512?
41513
In base 7, what is -35 + 3025501?
3025433
In base 11, what is 1016 - 559?
568
In base 14, what is -192b8 - -832?
-18886
In base 16, what is a26 + -1df32?
-1d50c
In base 15, what is -1d71aad - b?
-1d71ab9
In base 4, what is 202132103321 - 31?
202132103230
In base 12, what is 79 + 483a4?
48461
In base 2, what is -11111001011100000101 + -101?
-11111001011100001010
In base 14, what is -13a115 - -184?
-139d71
In base 9, what is -124265 + 5?
-124260
In base 13, what is -308194 + -381?
-308545
In base 13, what is -163546 + 7?
-16353c
In base 13, what is 40ca + -175?
3c55
In base 12, what is 43808 + 434?
44040
In base 11, what is 0 - 60454270?
-60454270
In base 2, what is -1110001000001101010011 + 1110?
-1110001000001101000101
In base 9, what is 1 + -4625442?
-4625441
In base 13, what is -b84a2b + -1?
-b84a2c
In base 5, what is -10024443010 + -4?
-10024443014
In base 13, what is -1034a6 - 38?
-103511
In base 12, what is 5 + 12b1490b?
12b14914
In base 4, what is 1003220302 - -20?
1003220322
In base 7, what is 210055 - 63?
206662
In base 14, what is -7 + d385d36?
d385d2d
In base 4, what is -30320212 + -3230?
-30330102
In base 12, what is -13a13 + -10902?
-24715
In base 8, what is -23615344 + -32?
-23615376
In base 16, what is 4816 - -1da3?
65b9
In base 9, what is -48602 - 6421?
-56123
In base 13, what is 102a04c - 4?
102a048
In base 8, what is 2 + 10533002?
10533004
In base 10, what is 271 - 340448?
-340177
In base 3, what is -2122201122102 - 201?
-2122201200010
In base 9, what is 52277460 - -2?
52277462
In base 5, what is -2 - 2102?
-2104
In base 15, what is -3e263 - 11?
-3e274
In base 9, what is 2354238413 - 5?
2354238407
In base 3, what is -101212121 - -202021?
-101010100
In base 14, what is -231a - 937?
-2c53
In base 10, what is 736653 - 71?
736582
In base 7, what is 43056430 - 602?
43055525
In base 2, what is 1110011010010101011110 - -11?
1110011010010101100001
In base 5, what is -33240140 - -3330?
-33231310
In base 4, what is -112303002001310 + 3?
-112303002001301
In base 4, what is -3313133 + 102230?
-3210303
In base 12, what is 137b5 - -140b?
15004
In base 10, what is 31 + 2609144?
2609175
In base 12, what is -3 - 2b18708?
-2b1870b
In base 4, what is -1003132123 - -131?
-1003131332
In base 7, what is 315 - 22321?
-22003
In base 11, what is -15 - 1778a42?
-1778a57
In base 11, what is 4 + 866472?
866476
In base 11, what is 0 + 9820a3?
9820a3
In base 11, what is 1597801 + 46?
1597847
In base 10, what is 4121 - 504956?
-500835
In base 4, what is 13020201020 - 10033?
13020130321
In base 10, what is -29324 - -1054?
-28270
In base 9, what is 5478 + 53541?
60130
In base 11, what is -282a72 + -16?
-282a88
In base 3, what is 12 - -1022111222000?
1022111222012
In base 7, what is 2 - -51563340?
51563342
In base 15, what is -1386 - 40b?
-1792
In base 12, what is -1a - -36a699?
36a67b
In base 2, what is -11 - -100101100101001001101010?
100101100101001001100111
In base 2, what is -1010110101 + 100100110000?
11001111011
In base 14, what is -5 - -314437?
314432
In base 11, what is -436229 + 7?
-436222
In base 3, what is 112110010 - 1100021210?
-210211200
In base 11, what is 3 - -414042?
414045
In base 16, what is 164b1c10 + 5?
164b1c15
In base 15, what is -2215a9ca + -1?
-2215a9cb
In base 12, what is 334 + 1607?
193b
In base 4, what is -2022023233 - 1?
-2022023300
In base 12, what is 32334 - 151?
321a3
In base 2, what is -11101011 - 1000100101010011111?
-1000100101110001010
In base 10, what is -4 - 54806313?
-54806317
In base 5, what is 220211 + -2041233?
-1321022
In base 4, what is 13331111132 - -2?
13331111200
In base 11, what is 3 - -9920419?
9920421
In base 13, what is ac985 - 19?
ac969
In base 4, what is -301230 + -10202332?
-11110222
In base 14, what is -3944a6 - -9?
-39449b
In base 9, what is -3 - 37317125?
-37317128
In base 11, what is 14 - 181a62?
-181a49
In base 3, what is -12002 + 110100200121222?
110100200102220
In base 9, what is -21 + -10147247?
-10147268
In base 4, what is 111 + -13031121?
-13031010
In base 5, what is 204433 - -31201?
241134
In base 12, what is 6b4352 - 3?
6b434b
In base 9, what is -8 + 42841612?
42841603
In base 3, what is -1001100101011001002 - 11?
-1001100101011001020
In base 11, what is -a + -134a0560?
-134a056a
In base 16, what is 914447 + -15?
914432
In base 7, what is 2 + -2463325613?
-2463325611
In base 14, what is 2 + -a437139?
-a437137
In base 2, what is -101 + 1011001011011110011111110?
1011001011011110011111001
In base 5, what is -10 + 143420243441?
143420243431
In base 5, what is -232132 - -121300?
-110332
In base 6, what is -3 + -531450054?
-531450101
In base 4, what is 231203300 + 1021302?
232231202
In base 12, what is -2 + 31a7152?
31a7150
In base 4, what is 120310133001 - 22?
120310132313
In base 3, what is -120200001 - -101100?
-120021201
In base 2, what is -1100010111010011001 - 110?
-1100010111010011111
In b